highest common divisor of f and 5.
5
Let d(q) = -2*q**3 + 17*q**2 - 32*q + 15. Let f be d(6). What is the greatest common factor of f and 15?
3
Suppose 136*g = 20*g + 696. Calculate the highest common factor of g and 540.
6
Let o(h) = 7*h**2 + 12*h - 14. Let z be o(-8). Calculate the greatest common factor of 26 and z.
26
Let x(n) = n**2 - 1. Let q be 3 - (6/(-10) + (-146)/(-10)). Let a be x(q). Calculate the greatest common divisor of a and 15.
15
Suppose 26*o + 18 - 1266 = 0. Calculate the highest common divisor of o and 120.
24
Suppose 310 = n - 3*j, n + 3*n - 1282 = -2*j. Calculate the highest common factor of n and 11.
11
Let q(t) = t**2 + 14*t + 26. Let w be q(-14). What is the greatest common divisor of 13 and w?
13
Let p = 298 - 289. What is the highest common divisor of p and 9?
9
Let f(x) = 4*x**2 + 15*x + 22. Let t be f(-12). What is the greatest common divisor of t and 22?
22
Let z(t) = -t. Let g(m) = 18*m + 2. Let u(c) = g(c) - 2*z(c). Let r be u(2). Calculate the highest common divisor of 6 and r.
6
Let s = -347 - -547. Calculate the greatest common divisor of 175 and s.
25
Let o(z) = -12*z**3 - 2*z**2 - z. Let h be o(-1). Suppose -13 = -4*p + h. Suppose p*f = 11*f - 495. Calculate the highest common factor of 11 and f.
11
Let u be 1 + (5 - 6 - -12). Suppose -i + 0*i - 40 = 0. Let b = -16 - i. Calculate the highest common divisor of b and u.
12
Let m be 280/15*6/4. Suppose -3*h + 4*i + 46 = 0, 4*h + i = -2*i + m. Calculate the highest common factor of h and 4.
2
Let g = 970 - 157. Suppose -2*p - 3*y - 310 = -4*p, 2*y - g = -5*p. Suppose 0 = 3*u + 9, -2*u = -2*d + u + 55. Calculate the highest common factor of d and p.
23
Suppose a - 9 = w, 0*a = 3*w - 2*a + 22. Let d = w + 9. Suppose -2*b + 49 = -5*c, -129 = -d*b + 4*c - 49. Calculate the highest common divisor of 30 and b.
6
Suppose 9*t + 5*y = 4*t + 105, -3*t = 2*y - 58. Let l be 6/27 + (-2)/9. Suppose -192 = -3*q - l*q. What is the highest common divisor of t and q?
16
Suppose 1 = 5*o - 14. Let g = 142 + -124. What is the greatest common factor of o and g?
3
Suppose -p = 4*n - 28, -5*p + 4*n + 4 = -2*p. What is the highest common factor of p and 24?
8
Let y(j) = -4*j - 4. Let z be y(-7). Suppose w + z = 3*u - 3*w, -24 = -u - 4*w. Calculate the highest common divisor of u and 24.
12
Let p(s) = -3*s**3 - 6*s - 9. Suppose 3*j + 0*j = -9. Let w be p(j). Calculate the greatest common divisor of 36 and w.
18
Let g = -227 + 281. Calculate the highest common divisor of 216 and g.
54
Let b be (-2)/5 + 1 + 4/10. Suppose p - 5 = b. Calculate the greatest common divisor of 36 and p.
6
Let h be (-4)/(-14) + 240/(-7). Suppose -n = 4*r - 68, -4*n + 18*r = 23*r - 261. Let p = n + h. What is the greatest common divisor of p and 150?
30
Let x(p) = p**3 + 3*p**2 + 80. Let y be x(0). Let t be 2/(36/19 + -2). Let v = 35 + t. Calculate the highest common divisor of v and y.
16
Suppose -46 = -6*v + 62. Calculate the highest common factor of v and 6.
6
Let q(p) = p**2 - 3*p + 9. Let v be q(-6). Calculate the highest common factor of v and 63.
63
Let p(a) = a - 2*a - 3*a**3 + 11*a**3 + 1 - 6*a**3. Let q be p(1). Suppose -q*y + 5*y - 18 = 0. Calculate the greatest common divisor of y and 4.
2
Suppose -5*n = 3*y - 3*n - 2, -4*y + 18 = -5*n. What is the highest common factor of y and 50?
2
Let s = -108 - -119. Let d(y) = 2*y**2 - 2*y - 7. Let r be d(-6). Calculate the greatest common factor of r and s.
11
Let f be 112*(1 - (-2)/(-4)). Suppose -3*m + 5 = q, 0*q = 2*q - 5*m - 43. Calculate the highest common factor of f and q.
14
Suppose -3*p + 693 = -5*q + q, 5*p = -q + 1178. Suppose 2*b = -5*c + 7*b + p, -b = 4*c - 173. Calculate the highest common divisor of c and 44.
44
Suppose -7*f = -2*c - 4*f + 1791, -c - f = -888. Calculate the highest common divisor of c and 162.
81
Suppose 7*s - 1484 = 21. What is the greatest common factor of s and 43?
43
Let x = -12 - -8. Let u(c) = -4*c - 6. Let v be u(x). What is the highest common divisor of 50 and v?
10
Suppose 0 = 5*g + 7*w - 2*w - 20, -3*w = -5*g + 28. Let s be ((-20)/(-12))/(g/30). What is the greatest common factor of 10 and s?
10
Let r = 105 + -51. Suppose 3*l - 5*z - 24 = 2*l, 0 = 3*l - 5*z - 42. Calculate the greatest common factor of l and r.
9
Suppose -13455 = 31*b - 15160. Let r = -10 + 15. Calculate the greatest common factor of b and r.
5
Suppose 2*c - c = 3*g + 42, g = -4*c + 168. Suppose -21*w = 7*w - 29*w + 14. Calculate the highest common factor of w and c.
14
Let u = 376 + -124. Let l = -125 - -153. What is the highest common divisor of u and l?
28
Let n(f) = f**3 + 6*f**2 + 6*f + 3. Let s be n(-3). Let v be 0 + (2 - (2 - 2)). Suppose -v*r = -44 - 148. Calculate the greatest common factor of r and s.
12
Suppose 5*i + 3*c = 95, -5*c + 4*c + 69 = 4*i. What is the greatest common factor of i and 496?
16
Suppose 2*f - 169 = -h, -3*f - 3*h - h + 251 = 0. What is the greatest common divisor of 10 and f?
5
Suppose -l + 0*r = r - 4, 0 = l + 3*r - 8. Let a(v) = 65*v + 10. Let n be a(l). What is the highest common factor of n and 20?
20
Let w(v) = v**2 + 10*v - 3. Let h be w(-11). Suppose -32 = -5*d + d. Let n = d + 0. What is the greatest common factor of n and h?
8
Let p(o) = o**3 - 4*o**2 - 3*o - 35. Let a be p(6). Calculate the greatest common divisor of 171 and a.
19
Let v(h) be the first derivative of h**4/4 - 3*h**3 + 3*h**2/2 + 22*h - 21. Let z be v(11). What is the greatest common factor of 33 and z?
33
Let r be 544/12 + (-3)/18*2. Let b = r - 31. Calculate the greatest common factor of b and 224.
14
Let q be (12 - 4) + -2 + 384. What is the highest common factor of q and 150?
30
Let k = 812 + -737. Calculate the highest common factor of k and 250.
25
Suppose 7*o = 3*t - 602, 3*t - 2*o - 329 = 263. Let d(b) = -5*b - 2. Let a be d(-6). Calculate the greatest common factor of a and t.
28
Let w = -70 + 74. Suppose -9*t = w*t - 910. What is the highest common divisor of 30 and t?
10
Suppose -7*b - 57 = -4*b. Let z be (-99)/(-3)*(0 - -1). Let w = z + b. What is the highest common divisor of 35 and w?
7
Let q(s) = -5*s - 22. Let l be q(-6). Suppose -2*v + 1 + 76 = b, 0 = -4*v + 3*b + 169. Calculate the highest common factor of l and v.
8
Suppose 6*f - 8 = 3*v + 11*f, 3*f + 24 = 3*v. Let a be (1 + -1)/(-2) + 242. Suppose a - 66 = 4*c. What is the greatest common divisor of c and v?
4
Let x = -1044 - -1094. What is the highest common divisor of x and 200?
50
Let t(x) = 9*x - 3. Let r be t(5). Let l(f) = f**2 + r - f + f + f. Let v be l(0). Calculate the greatest common divisor of v and 14.
14
Suppose 0 = -112*t + 118*t - 144. What is the greatest common factor of 384 and t?
24
Let i(s) = -s**2 - 4*s - 5. Let g be i(-2). Let o be -2 + 2 - g/(5/90). Calculate the greatest common divisor of 45 and o.
9
Let u(v) = 6*v - 29. Let m be u(6). Let j = 519 + -240. Let h be 2/10 - j/(-5). What is the highest common divisor of m and h?
7
Let p(q) = 0*q - q - 13*q**2 + 16*q**2. Let u be p(3). What is the greatest common divisor of 36 and u?
12
Let j(v) = -v**2 - 6*v + 9. Let h be j(-3). Let f(m) = -m**3 + 19*m**2 - 13*m + 14. Let w be f(h). Calculate the highest common factor of w and 8.
8
Suppose f - 2*f + 14 = 3*p, -2*f - p + 18 = 0. Calculate the highest common factor of f and 136.
8
Suppose -3*j = -2*t - 25, 0 = 5*j - 5*t - 15 - 35. Suppose 4*w = 8*w + f - 39, -3*w - j*f + 42 = 0. What is the highest common divisor of w and 36?
9
Let r be 9*2 - (39 - 33). Calculate the highest common factor of r and 348.
12
Let l be -5*(250/(-15) - (-8)/(-60)). What is the greatest common factor of 105 and l?
21
Let v(u) = -u - 5. Let l be v(-10). Suppose -w - l*b - 45 = 0, -b + 55 = -3*w - 0*b. Let m = 36 + w. Calculate the highest common factor of 8 and m.
8
Suppose 3*m = -3 + 12. Let r(u) = 2*u**2 - u - 4. Let d be r(-6). Suppose m*n - l = d, -n + 6*n - 140 = 5*l. Calculate the greatest common divisor of 184 and n.
23
Let g = 30 + -9. Suppose -3*h = 2*w + 58 - 106, -2*w - 4*h = -50. Calculate the greatest common factor of w and g.
21
Let p(y) = -39*y + 1. Let c be p(-1). Let s be ((-16)/c)/(2/(-60)). Calculate the highest common factor of 24 and s.
12
Let i be ((-3)/(6/28))/1. Let g be (-108)/(-63) + (-4)/i. Suppose 0 = -4*b, g*n - 3*b = -0*b + 38. What is the greate